(-15). Calculate the greatest common factor of t and a.
25
Let x(v) be the first derivative of -7/2*v**2 + 2*v + 1/3*v**3 - 2. Let m be x(8). Calculate the greatest common factor of 15 and m.
5
Let q(c) = c**3 + 4*c**2 + 2*c. Let f(j) = j + 1. Let i(k) = -6*f(k) - q(k). Let a be i(-3). Calculate the greatest common divisor of 6 and a.
3
Suppose 6*z = -8*z + 378. What is the greatest common divisor of z and 837?
27
Let k(c) = 13*c - 9. Let p(u) = -12*u + 8. Let a(h) = 5*k(h) + 6*p(h). Let i be a(-3). What is the greatest common divisor of 24 and i?
24
Let r be (4960/(-868))/(-2*(-1)/(-7)). Calculate the greatest common factor of 380 and r.
20
Suppose -3*m + 21 = 6. Let w = -262 - -558. Let a be w/16 + 6/4. What is the greatest common divisor of a and m?
5
Let u(d) = -d**3 - 3*d**3 + 5*d**3 - 30 + 11*d**2 + 21*d - 36*d. Let t be u(-10). Calculate the highest common factor of t and 88.
44
Suppose 621 = 45*p - 729. What is the highest common divisor of 135 and p?
15
Let q(i) = i**2 - 10*i + 26. Let d be q(16). Suppose 72 = 3*a - 2*h - 112, -2*a + d = -2*h. Calculate the highest common factor of a and 155.
31
Suppose -4 = y + 2*w, 4*w + 5 + 23 = 3*y. Suppose l + 62 = y*k, -5*l - 8 = -3*k + 47. What is the greatest common divisor of k and 5?
5
Let d be (-2)/(-5) - (-384)/(-10). Let h = 53 + d. Suppose -5*p = h, -l = l + 4*p. What is the greatest common divisor of l and 4?
2
Suppose -r - 669 = -5*w, -4*w + 2*r = 6*r - 540. Calculate the greatest common divisor of w and 2.
2
Let c(v) = -2*v - 36. Let f be c(-19). Suppose 0 = -3*r + 3*u + 201, -f*r = -0*r - 4*u - 124. Calculate the greatest common divisor of 18 and r.
18
Let w = 591 - 564. What is the greatest common factor of w and 1161?
27
Suppose 95 = 3*z + y, 3*z - 114 = 2*y - 34. What is the highest common divisor of 900 and z?
30
Let p be 6/(-14) - (-4)/(-7). Let b be p*((-75)/(-30))/(2/(-8)). Let g be -2 + -2 + 5 - -3. What is the greatest common divisor of b and g?
2
Let z = -610 + 617. What is the greatest common factor of z and 1183?
7
Suppose 0 = -21*c + 26*c - 165. Suppose c = -3*l + 183. What is the highest common factor of 75 and l?
25
Suppose 2853 + 603 = 72*g. Let a(k) = 1 + k**3 - 2*k - k + 6*k**2 - 7. Let c be a(-6). Calculate the greatest common factor of c and g.
12
Suppose 2*d + 102 = -4*p, -5*d = -d - 20. Let z be 14/(1 - p/(-30)). Calculate the greatest common factor of z and 84.
42
Let m = 100 - 86. Calculate the greatest common factor of m and 126.
14
Suppose 0 = -5*u - n + 75, -5*n + 0*n - 75 = -5*u. Suppose 4*r = -5*y + 33, 0 = -8*y + 3*y - u. What is the highest common divisor of 6 and r?
6
Let q(s) = -2*s + 23. Let m be q(11). Let c be (30 - m)/((-4)/4). Let j = c - -85. Calculate the greatest common factor of j and 14.
14
Suppose 5*k = -2*p + 67, -4*k + 0*k + 12 = 0. Suppose p = 6*o + 14. Suppose 0 = -5*v + 34 + 76. What is the greatest common divisor of o and v?
2
Suppose 2*d = n + 452, -692 = 4*d - 7*d + 5*n. Calculate the greatest common divisor of 32 and d.
32
Suppose s = -3*h + 290, 5*s - 11*h = -14*h + 1474. What is the highest common factor of 8 and s?
8
Let n(m) = 3*m**2 + 6*m - 8. Let f be n(-6). Let a = -22 + 22. Suppose a = 2*x + f - 180. What is the greatest common divisor of 87 and x?
29
Let b = 2 - -3. Suppose -l = 2*l + 3*i - 90, -l + b*i = 0. Calculate the highest common factor of 5 and l.
5
Suppose 6*k = 11*k - 100. What is the highest common factor of 940 and k?
20
Let i be (0 + (-54 - -3))*(-80)/60. Calculate the highest common divisor of 289 and i.
17
Suppose -2*d = 4*d - 420. What is the highest common divisor of d and 140?
70
Let o(i) = 4*i + 0*i**3 - 3 + i**3 + 4*i**2 + 6. Let z be o(-2). Let h be (-6 - 1)*((-216)/(-42))/(-6). What is the highest common divisor of z and h?
3
Let f(d) be the second derivative of d**5/20 + 5*d**4/4 - 3*d**3 - 11*d**2 - 13*d. Let p be f(-16). Calculate the highest common factor of p and 170.
10
Let l(c) = c**2 - 7*c - 41. Let o be l(-14). Calculate the highest common divisor of o and 46.
23
Let r be 7/((-210)/72)*-420. What is the highest common divisor of r and 189?
63
Suppose 62 = q + 6*q - 3*t, -4*q + t = -39. Calculate the highest common divisor of 5401 and q.
11
Let s(m) = m**3 + 3*m**2 - 2*m + 23. Let f be s(0). Calculate the highest common divisor of 92 and f.
23
Let l(g) = 460*g + 50. Let c be l(1). Calculate the highest common factor of 408 and c.
102
Let w(b) = -35*b - 2. Let a be w(-6). Let s = 92 - 46. Suppose 2*r - s - 6 = 0. What is the greatest common divisor of a and r?
26
Let s(x) = 2*x**2 + 51*x - 11. Let k be s(13). Calculate the greatest common factor of 33 and k.
33
Let f = -125 - -200. Suppose 62 - 11 = 4*l - 3*p, -39 = -3*l + 2*p. Calculate the greatest common divisor of f and l.
15
Let w(a) = 4*a - 5. Let k = 4 + 0. Let s be w(k). Let i be (56/(-16))/((-4 - -2)/44). Calculate the greatest common divisor of i and s.
11
Let s(f) be the third derivative of f**5/60 - f**4/24 - 5*f**3/3 + 30*f**2. Let n be s(5). Calculate the highest common divisor of n and 20.
10
Let p be (3 - 6) + 21 - 4/(-2). Calculate the highest common divisor of p and 110.
10
Let g = -4 + 5. Let h = 4 - g. Suppose -5*t + 2*a = -20 - 12, 5 = t + a. What is the greatest common divisor of h and t?
3
Let w(y) = -2*y - 7. Let r be w(-7). Suppose -3*v - 8 - 7 = 0. Let u = v + r. What is the greatest common factor of 4 and u?
2
Let z(x) = -21*x + 50. Let b be z(2). Calculate the greatest common factor of 64 and b.
8
Let f be ((-130)/6)/(3/(-9)). Let r = 2366 - 2340. Calculate the greatest common divisor of f and r.
13
Let c be (1 + -2)*(-1)/(-1) + 3. Suppose -c*m = -6*m + 272. What is the greatest common divisor of m and 17?
17
Suppose -5*z = 4*t - 49, 4*z - 3*t = 2*t + 72. Let x(q) = 5*q**3 - 4*q**2 - 14*q + 8. Let g be x(4). Calculate the highest common factor of z and g.
13
Let v = 160 - 96. Let c = 13 - 8. Suppose c*f - 95 = 3*b, 25 = -11*b + 6*b. Calculate the highest common factor of f and v.
16
Let w be (-16 + 0)/((-46)/(-50) - 1). What is the highest common divisor of w and 25?
25
Let w = -6 + 10. Suppose 4*n - 28 = -4*i, 2*i + i + w*n = 24. Suppose 305 + 87 = i*l. Calculate the greatest common divisor of l and 14.
14
Let h = -20 + 36. Let q(i) = -i**2 - 71*i + 690. Let a be q(7). Calculate the highest common factor of h and a.
16
Suppose 0 = -0*u - u + 3*q - 9, -3*u + 3*q = 9. Let d(g) = -g**2 + g + 270. Let o be d(u). Calculate the greatest common factor of 30 and o.
30
Let o(p) = -11*p - 2 + 13*p - 2. Let u be o(10). What is the greatest common factor of 272 and u?
16
Suppose 61 - 226 = -11*v. What is the greatest common factor of v and 660?
15
Suppose 0 = -x - 5*y + 65, 2*y - 213 = -4*x - 7. What is the greatest common divisor of x and 650?
50
Let s(a) = -58*a - 20. Let o be s(-2). What is the highest common divisor of o and 12?
12
Let t(x) = x**3 + 19*x**2 - 21*x - 15. Let o be t(-20). What is the highest common factor of o and 250?
5
Let d(m) = -m**3 + 15*m**2 - 6*m - 103. Let v be d(14). What is the greatest common divisor of v and 63?
9
Let i = -42 - -82. Calculate the highest common divisor of i and 340.
20
Let n be 2/(-11) + (-12 - 1776/(-88)). What is the highest common factor of n and 584?
8
Suppose -t = -2*u + 269, 5*u - 2*t = 3*u + 268. Let r be 694/26 - (-792)/2574. What is the highest common factor of u and r?
27
Let m = 53 - 61. Let c be 28/m*(-24)/7. Calculate the greatest common factor of c and 8.
4
Let m = -162 + 272. Calculate the highest common factor of 30 and m.
10
Suppose -4*q - 5*n = 0, 60*q = 55*q + 2*n + 33. Let z be (-4)/6 + (-34)/(-6). What is the highest common factor of z and q?
5
Let a be 3/(-2) - (-1674)/108. What is the greatest common factor of 154 and a?
14
Let z(r) = -r**2 - 2*r + 26. Let v be z(-6). Let a(b) = 3 + b + 2 + 1. Let y be a(v). Calculate the greatest common factor of 20 and y.
4
Let c = 345 + -340. Let w(i) = -i**3 - 4*i**2 + 4*i. Let p be w(-5). Calculate the highest common factor of c and p.
5
Let y(d) = 3 - 4 - 9 + 2*d**2 + 1 - 5*d. Let n be y(6). Calculate the greatest common factor of n and 3.
3
Suppose 3*k = 2*d - 5*d + 36, -5*k = -5*d + 70. What is the greatest common factor of d and 143?
13
Suppose -3*k + 3*o + 312 = -0*o, -3*k + 310 = -2*o. Calculate the greatest 